s - 22. Let g be d(-16). What is the units digit of 336/g + (-18)/m?
4
Let a(l) = l**3 + 2*l**2 - 2*l + 2. Let o be -2 + -4*8/(-2). Suppose 3*g = -6, 3*u - 6*g - o = -2*g. What is the units digit of a(u)?
4
What is the units digit of (6036/20 + -6)/((-10)/(-100))?
8
Suppose 9*c + 6708 = 22*c. What is the hundreds digit of c?
5
Let a be 1277/5 + 9/15. Let w = 365 - a. What is the tens digit of w?
0
Suppose -22*z = 37*z - 53867. What is the tens digit of z?
1
Let h = -16 - -33. Let o(i) = -2*i + 7. Let j be o(2). Suppose 5*d - h = j. What is the units digit of d?
4
Let m be (0 + 1)/((-3)/(-3)). Suppose -t + 8 = m. Suppose 10*a - 21 = t*a. What is the units digit of a?
7
Let h(p) = -2*p**2 - 7*p - 7. Let f be h(-4). Let w = f - 7. What is the units digit of (-957)/w + (-4)/24?
3
Let g be (23 - -2)*(0 - 1)*1. What is the tens digit of (-234)/(g/(-10) - 4)?
5
Suppose -4*o - 12 = 0, -5*o - 225 = -s + 722. What is the tens digit of s?
3
Let j(k) = k**3 + 15*k**2 + 13*k + 1. What is the units digit of j(-11)?
2
Let i = 3309 - 2279. What is the hundreds digit of i?
0
Suppose 4690 = -9*d + 25102. What is the units digit of d?
8
Let f = 1669 - 1172. What is the tens digit of f?
9
Suppose -612 = -5*z + 3*w, 3*z + 3*w - 352 = w. Let c = z + -80. Suppose 2*b - c = -0*b. What is the units digit of b?
0
Let d be (48/16)/(2/(0 + 2)). Suppose -5*g + 320 = d*k - 94, 402 = 5*g - k. What is the tens digit of g?
8
Let l(r) = -50*r - 3. Let n be l(-3). Suppose -180 = -3*t + n. What is the units digit of t?
9
Let n(l) = -l**3 - 9*l**2 - 8*l + 2. Let x be n(-8). Suppose -10 = 3*i - i, -x*i + 44 = -3*j. What is the units digit of 8/(-36) + (-346)/j?
9
Let m = -18 + 41. Let u = m + 60. What is the tens digit of u?
8
Suppose -22*j = 4*j - 2496. What is the units digit of j?
6
Let z be ((-3)/4)/1*-4. Suppose -z*l = -2*l - 2. Suppose 82 = 5*v + l. What is the tens digit of v?
1
Let t(s) = -s**3 - 12*s**2 - 8*s + 10. Let q be t(-11). Let o = q - -5. Let a = 13 - o. What is the tens digit of a?
3
What is the tens digit of 6/(-1) + 1433 + 63?
9
Let c(h) = -h**3 + 15*h**2 - 5*h - 6. Let s be c(14). Let a = s + -26. What is the units digit of a?
4
Let t(a) = -52*a**3 + a**2 + 10. What is the tens digit of t(-3)?
2
Let t(o) = -4*o - 15. Let k be t(-6). Suppose 0 = -5*b + 3*n + 26, 2*n - k = -3*b - 1. Suppose 5*a - b*a = 11. What is the units digit of a?
1
Let m = 551 - 501. What is the tens digit of m?
5
Let k(u) = 2*u - 9. Let d be k(12). Let h(s) = -2*s**3 - 2*s**2 + 2*s - 3. Let x be h(-3). What is the units digit of (-3)/x*-3*d?
5
Let p = 1121 - -383. What is the thousands digit of p?
1
Let p be -1*(2 - -2 - 4). Suppose 0*u - 5*u + 10 = p, 5*w + u - 197 = 0. What is the units digit of w?
9
Suppose -379 = -3*i + 254. Suppose 0 = -j - 3*z + i, 0 = -3*j + 2*j - 5*z + 205. What is the tens digit of j?
2
Let g(d) = -73*d + 108. What is the tens digit of g(-6)?
4
Let r = -37 - -4. What is the tens digit of r*1*16/(-12)?
4
Suppose -k + 23 = -0*k. Let b = 29 - k. What is the units digit of b?
6
Let c be (4/(-6))/((-20)/3030). Suppose b - c = -32. What is the tens digit of b?
6
Suppose 0 = -3*s + 6*s - 174. Suppose s - 16 = -2*w. What is the tens digit of (-12)/w + (-143)/(-7)?
2
Let j = 294 + -54. Suppose 7*d - j = 222. What is the tens digit of d?
6
Let q be 24/18*(-42)/(-4). Suppose -13*i - 83 = -q*i. Suppose 0 = -3*c - 17 + i. What is the units digit of c?
2
Let w = -67 - -48. Let l(m) = 2*m**2 + 28*m + 2. What is the hundreds digit of l(w)?
1
Suppose -85 = -m + 109. What is the hundreds digit of m?
1
Suppose 0 = -5*o + 10 - 55. What is the tens digit of -60*(1 + o/4)?
7
Let p = 784 + -333. What is the tens digit of p?
5
Suppose 8*o + 5*c - 328 = 4*o, -5*o - c + 431 = 0. Suppose -2*w + 4*w = -5*a + 169, -w = 3*a - o. What is the units digit of w?
2
What is the units digit of 451 - ((-3 - -7) + -3)?
0
Let g = 2848 + -1348. What is the thousands digit of g?
1
Let m = -332 + 652. Suppose 5*s - 15 - m = 0. What is the units digit of s?
7
Suppose -5*t + 5*n + 490 = 0, -5*t - 5*n = -2*t - 286. Suppose -1022 + 410 = -4*j. Let m = j - t. What is the tens digit of m?
5
Let m be 0/(3/6*-2). Suppose 0 = -m*p - 2*p + 92. What is the tens digit of p?
4
Let n(g) = g**3 - 22*g**2 + 27*g + 29. Let z be n(21). Let u = 219 - z. What is the units digit of u?
4
What is the hundreds digit of 2*((-13174)/(-36) - 12/27)?
7
Let c = -13 - -18. Suppose i + 5*h - 546 = c*i, h = -2. Let n = -74 - i. What is the units digit of n?
5
What is the hundreds digit of 3/(30/4)*(-2 - -2827)?
1
Let r(z) = -22 + 6*z + 10 - 15. What is the tens digit of r(8)?
2
Let h(g) = g**2 - 2*g + 8. Let x be h(4). Suppose x = 5*t + 1. Suppose -5*k + 4*c = 7, -c = t - 6. What is the units digit of k?
1
Let c = -22 - -70. Suppose -c - 354 = -6*f. What is the tens digit of f?
6
Suppose 2*q = -2*v + 3*v + 295, -5*v = -2*q + 299. Let h be q/2*(1 + -3). Let j = -82 - h. What is the units digit of j?
5
Let n(c) = 12*c**2 + 63*c - 573. What is the thousands digit of n(13)?
2
Let n(k) = -k**3 - 8*k**2 + 14*k - 16. Let c be n(-11). Let q = c - 113. What is the tens digit of q?
8
Let h = 443 - 288. Suppose r - 14 = -3*o, 0*r = -5*r + 4*o + 13. What is the units digit of (h/25)/(1/r)?
1
Suppose 5*q - 1762 = 1683. What is the tens digit of q?
8
What is the hundreds digit of 271/2 + 45/10 + -6?
1
Let i(r) = -3*r - 5. Let g be ((-9)/(-18))/(1/6). Suppose g = 2*m + 25. What is the tens digit of i(m)?
2
What is the units digit of (0 + 1)/((-10)/(-7070)) + -6?
1
Let h = 108 + -255. Let v = -107 - h. What is the tens digit of v?
4
Suppose -17557 = -5*n - 4237. What is the tens digit of n?
6
Suppose -5*n - 7 = -c + 7, 2*c - 7 = 3*n. What is the tens digit of c + 17/15 + 34298/165?
0
Suppose 8654 = 18*i - 4090. What is the tens digit of i?
0
Let n(f) = 9*f + 11. Let v(t) = -5*t - 6. Let r(w) = 6*n(w) + 11*v(w). Let o be r(-3). Let z(j) = -j**3 + 2*j**2 + 3*j + 3. What is the units digit of z(o)?
3
Suppose -v = 302*r - 300*r - 7451, 0 = 2*r + 2*v - 7456. What is the thousands digit of r?
3
Suppose 0 = -7*f + 61 + 65. What is the tens digit of (-6)/(-27) + (-374)/f*-1?
2
Suppose -503 = -6*k + 283. Let a = k + -20. What is the hundreds digit of a?
1
Let f = -124 + 426. What is the units digit of f?
2
Let u(h) = 6*h**2 - 8*h - 3. What is the units digit of u(-7)?
7
Let r(a) = a - 7. Suppose 5*g + 2*l = -16 + 65, 2*g = 4*l + 34. Let h be r(g). Suppose -64 = -4*k - h*n, -n - 89 = -k - 3*k. What is the tens digit of k?
2
Let y(c) = 16*c - 7. Let t = -21 + 27. What is the tens digit of y(t)?
8
Let n(y) = 34*y**2 - 10*y + 26. What is the thousands digit of n(8)?
2
Let u(d) = 6*d**3 - 8*d**2 + 11*d + 1. Let o be u(5). Suppose 362 = 11*z - o. What is the units digit of z?
8
Let c(r) = 19*r**2. Suppose 8 = -4*n - 4. Let i be c(n). Suppose -5*w = -3*s - i, 0*w - 3*s - 99 = -3*w. What is the units digit of w?
6
Let s(h) = h**2 + 10*h + 5. Let r be s(-10). Suppose -r*q - 3 = 4*k - 15, -4*k + 12 = -q. What is the tens digit of (-2)/k*(-117)/6?
1
Let o(w) be the first derivative of -w**4/4 + 7*w**3/3 + 7*w**2/2 - 5*w + 22. What is the tens digit of o(6)?
7
What is the hundreds digit of ((-160)/30 + -8)*237/(-2)?
5
Let o be 1/1 - (13 + 0). What is the tens digit of 114/4*o/(-9)?
3
Suppose -655*s + 1536 = -653*s. What is the units digit of s?
8
Suppose 0 = -z + 5, -3*p + z + 581 = -3059. What is the tens digit of p?
1
Let u(n) = -6 - 13 + 28*n + 3. What is the hundreds digit of u(5)?
1
Suppose 0 = 2*u - 2*b - 10, -3*u - b + 3*b + 15 = 0. Suppose -u*x - x = -342. What is the tens digit of x?
5
Let l(a) = -2*a**3 - 52*a**2 - 20*a - 1. What is the hundreds digit of l(-26)?
5
Let f(k) = 66*k + 1. Let c(h) = -197*h - 4. Let j(i) = -6*c(i) - 17*f(i). What is the tens digit of j(2)?
2
Let n(m) = 32*m**3 + 2*m**2 + 11. What is the tens digit of n(3)?
9
Let m = 24 - 4. Let x = 20 - m. Suppose -2*l + 5*q + 44 = 0, -5*l + 3*q - 2*q + 64 = x. What is the units digit of l?
2
Let i(q) = q**3 - 8*q**2 + q + 8. Let d be i(7). Let o = d - -56. Suppose 3*z - o = 2*v, 5*z - 25 = v + 7. What is the units digit of z?
6
Suppose 29*g - 28*g = 218. What is the units digit of g?
8
Suppose -24*t + 7659 = -21*t. What is the hundreds digit of t?
5
Let p(x) = 17*x + 1. Let q be p(1). Let o be 